What is the thousands digit of 1254?
1
What is the units digit of 70411?
1
What is the hundreds digit of 80467?
4
What is the units digit of 8565?
5
What is the units digit of 31480?
0
What is the thousands digit of 18438?
8
What is the hundreds digit of 12335?
3
What is the tens digit of 9316?
1
What is the tens digit of 8442?
4
What is the units digit of 343?
3
What is the tens digit of 11651?
5
What is the units digit of 1112?
2
What is the thousands digit of 9899?
9
What is the thousands digit of 9212?
9
What is the ten thousands digit of 17131?
1
What is the hundreds digit of 10151?
1
What is the thousands digit of 1218?
1
What is the hundreds digit of 19335?
3
What is the ten thousands digit of 88245?
8
What is the hundreds digit of 577?
5
What is the units digit of 2011?
1
What is the units digit of 3873?
3
What is the hundreds digit of 1490?
4
What is the units digit of 3334?
4
What is the thousands digit of 11727?
1
What is the tens digit of 25880?
8
What is the units digit of 207096?
6
What is the thousands digit of 1515?
1
What is the units digit of 2541?
1
What is the tens digit of 75?
7
What is the hundreds digit of 1185?
1
What is the thousands digit of 38127?
8
What is the tens digit of 38557?
5
What is the hundreds digit of 1241?
2
What is the tens digit of 99210?
1
What is the hundreds digit of 16934?
9
What is the units digit of 38?
8
What is the tens digit of 55618?
1
What is the units digit of 2423?
3
What is the units digit of 1600?
0
What is the thousands digit of 166979?
6
What is the hundreds digit of 2570?
5
What is the tens digit of 65321?
2
What is the units digit of 128379?
9
What is the tens digit of 1398?
9
What is the thousands digit of 1711?
1
What is the tens digit of 4327?
2
What is the ten thousands digit of 61587?
6
What is the tens digit of 12090?
9
What is the hundreds digit of 185?
1
What is the thousands digit of 10624?
0
What is the tens digit of 2184?
8
What is the hundreds digit of 567?
5
What is the hundreds digit of 408?
4
What is the thousands digit of 12171?
2
What is the ten thousands digit of 18697?
1
What is the tens digit of 902?
0
What is the hundreds digit of 55429?
4
What is the units digit of 3489?
9
What is the units digit of 168?
8
What is the thousands digit of 3862?
3
What is the tens digit of 170?
7
What is the hundreds digit of 25456?
4
What is the thousands digit of 99667?
9
What is the units digit of 23608?
8
What is the ten thousands digit of 73631?
7
What is the hundreds digit of 476?
4
What is the thousands digit of 33974?
3
What is the thousands digit of 4485?
4
What is the ten thousands digit of 42230?
4
What is the hundreds digit of 3083?
0
What is the thousands digit of 91472?
1
What is the tens digit of 3135?
3
What is the hundreds digit of 4184?
1
What is the tens digit of 132031?
3
What is the units digit of 788?
8
What is the thousands digit of 8292?
8
What is the hundreds digit of 12752?
7
What is the thousands digit of 27291?
7
What is the hundreds digit of 11883?
8
What is the tens digit of 2532?
3
What is the units digit of 2725?
5
What is the units digit of 2289?
9
What is the hundreds digit of 75850?
8
What is the tens digit of 6022?
2
What is the units digit of 63316?
6
What is the thousands digit of 8835?
8
What is the thousands digit of 1105?
1
What is the thousands digit of 7990?
7
What is the thousands digit of 91643?
1
What is the units digit of 278?
8
What is the tens digit of 4906?
0
What is the units digit of 934?
4
What is the hundreds digit of 74655?
6
What is the hundreds digit of 1095?
0
What is the hundreds digit of 929?
9
What is the units digit of 181110?
0
What is the hundreds digit of 119?
1
What is the hundreds digit of 9892?
8
What is the tens digit of 7429?
2
What is the hundreds digit of 1007?
0
What is the hundreds digit of 1515?
5
What is the thousands digit of 7879?
7
What is the thousands digit of 2131?
2
What is the hundreds digit of 32691?
6
What is the hundreds digit of 15036?
0
What is the hundreds digit of 11243?
2
What is the thousands digit of 1794?
1
What is the thousands digit of 29241?
9
What is the units digit of 1244?
4
What is the thousands digit of 1957?
1
What is the tens digit of 65833?
3
What is the tens digit of 8636?
3
What is the thousands digit of 66551?
6
What is the units digit of 5129?
9
What is the thousands digit of 1292?
1
What is the hundreds digit of 2379?
3
What is the units digit of 764?
4
What is the units digit of 5053?
3
What is the units digit of 1921?
1
What is the tens digit of 6581?
8
What is the hundreds digit of 31018?
0
What is the hundreds digit of 5372?
3
What is the ten thousands digit of 106833?
0
What is the units digit of 733?
3
What is the hundreds digit of 1083?
0
What is the ten thousands digit of 26664?
2
What is the tens digit of 249?
4
What is the hundreds digit of 1963?
9
What is the hundreds digit of 4783?
7
What is the ten thousands digit of 95101?
9
What is the units digit of 608?
8
What is the thousands digit of 26141?
6
What is the thousands digit of 1143?
1
What is the hundreds digit of 673?
6
What is the ten thousands digit of 29978?
2
What is the thousands digit of 6213?
6
What is the thousands digit of 22173?
2
What is the tens digit of 3943?
4
What is the hundreds digit of 30549?
5
What is the thousands digit of 32370?
2
What is the tens digit of 4197?
9
What is the hundreds digit of 1286?
2
What is the units digit of 13566?
6
What is the units digit of 3723?
3
What is the thousands digit of 10766?
0
What is the hundreds digit of 1090?
0
What is the hundreds digit of 2017?
0
What is the thousands digit of 1025?
1
What is the thousands digit of 19599?
9
What is the units digit of 60557?
7
What is the ten thousands digit of 12175?
1
What is the tens digit of 103915?
1
What is the tens digit of 13765?
6
What is the hundreds digit of 411?
4
What is the hundreds digit of 832?
8
What is the tens digit of 33771?
7
What is the tens digit of 679?
7
What is the units digit of 14269?
9
What is the hundreds digit of 39367?
3
What is the tens digit of 439?
3
What is the units digit of 56?
6
What is the thousands digit of 19229?
9
What is the hundreds digit of 13638?
6
What is the thousands digit of 19680?
9
What is the ten thousands digit of 31885?
3
What is the hundreds digit of 33566?
5
What is the units digit of 2994?
4
What is the hundreds digit of 441?
4
What is the thousands digit of 3750?
3
What is the tens digit of 6421?
2
What is the units digit of 466?
6
What is the hundreds digit of 542?
5
What is the tens digit of 1488?
8
What is the tens digit of 2418?
1
What is the units digit of 4392?
2
What is the tens digit of 9080?
8
What is the tens digit of 6257?
5
What is the hundreds digit of 584?
5
What is the thousands digit of 4433?
4
What is the units digit of 279?
9
What is the tens digit of 50439?
3
What is the thousands digit of 1005?
1
What is the thousands digit of 81588?
1
What is the tens digit of 2645?
4
What is the tens digit of 32984?
8
What is the units digit of 10048?
8
What is the units digit of 5630?
0
What is the hundreds digit of 4989?
9
What is the units digit of 29910?
0
What is the hundreds digit of 899?
8
What is the hundreds digit of 3543?
5
What is the hundreds digit of 53152?
1
What is the tens digit of 4775?
7
What is the units digit of 266?
6
What is the thousands digit of 1021?
1
What is the units digit of 22460?
0
What is the tens digit of 12032?
3
What is the units digit of 10958?
8
What is the units digit of 1258?
8
What is the units digit of 19242?
2
What is the tens digit of 726?
2
What is the units digit of 6898?
8
What is the units digit of 122?
2
What is the tens digit of 5981?
8
What is the thousands digit of 1432?
1
What is the tens digit of 708?
0
What is the hundreds digit of 3934?
9
What is the hundreds digit of 124?
1
What is the units digit of 900?
0
What is the units digit of 2184?
4
What is the hundreds digit of 9261?
2
What is the units digit of 1438?
8
What is the hundreds digit of 20302?
3
What is the units digit of 277?
7
What is the units digit of 15636?
6
What is the hundreds digit of 284?
2
What is the ten thousands digit of 196999?
9
What is the ten thousands digit of 144504?
4
What is the tens digit of 9331?
3
What is the hu